 Calculate the greatest common divisor of q and y.
4
Let k be 14/(-5)*(-260)/(-104) + 2815. What is the highest common factor of 624 and k?
312
Suppose 5*v - 3*c - 171 = 0, -2*c = -4 + 8. Let h be -306*((-3)/v - (-63)/(-154)). Calculate the highest common factor of h and 357.
51
Suppose -3*b - 237 = 4*l - 8*l, 5*l - 4*b = 297. Calculate the highest common divisor of l and 30.
3
Let v = -14 + 20. Let p(a) = -v*a**2 + 0*a**2 - 6*a**3 - 6*a**3 + 11*a**3 + 16 + 8*a. Let o be p(-7). What is the greatest common factor of o and 72?
9
Let s = -517 + 532. What is the highest common factor of 51 and s?
3
Let d be 3/(-4) + 621/108 + 10. Let s be ((4 - 3) + 18)/(-1). Let y = 116 - s. Calculate the highest common divisor of y and d.
15
Let j(c) = -c**3 + 99*c**2 + 313*c - 675. Let p be j(102). Calculate the greatest common divisor of 21 and p.
3
Let d be -6 + -148*(-8 + 7) + -3. Calculate the highest common factor of 139 and d.
139
Let u be (-6)/10 - (5888/(-80) + -4). What is the greatest common factor of u and 440?
11
Suppose 2*t - 30 = 54. Suppose 44*z = t*z. Suppose -1 = 2*f + h - z*h, f - 4 = h. What is the highest common factor of f and 3?
1
Let v = -58 + 63. Let s be 210/v + (-3 - -1)/1. Let u be (132/10)/(-1 - (-43)/s). What is the greatest common factor of 16 and u?
16
Let h = -7737 + 8259. Calculate the highest common factor of 1334 and h.
58
Suppose -8*k + n + 327 = 0, -11*k + 10*k - 5*n = -5. What is the greatest common factor of 14380 and k?
20
Let z(x) = -x**3 + 17*x**2 - 12*x - 15. Suppose -3*t + 0*j + 42 = 2*j, -5*t + 70 = -5*j. Let o be z(t). What is the highest common factor of 45 and o?
45
Suppose c = -3*c + 20, 2*c = 4*a - 54. What is the greatest common divisor of a and 2896?
16
Suppose -1494 = -2*f + 498. Suppose 0*v - f = -3*v. Let a = v - 163. What is the highest common divisor of 13 and a?
13
Suppose -26*y + 655 = -3*a - 25*y, 5*a + 1075 = 5*y. Let k = a - -224. Calculate the highest common factor of k and 12.
4
Let f be -5*2/(-20)*6. Suppose f*w - 180 = 144. Let g be (-9)/15 - w/(-5). What is the greatest common factor of g and 14?
7
Suppose -524104 = 56*l - 1562512. Calculate the greatest common divisor of l and 21.
21
Let a = -28 - -31. Suppose 157 = 4*v + 3*c - 363, a*v - c - 390 = 0. Calculate the greatest common factor of v and 26.
26
Let u(j) = 4*j - 26. Let k be u(8). Let f be (8/6)/(k/(-45)). Let w be (-92)/(-8) + (f/(-4))/5. What is the greatest common divisor of 108 and w?
12
Suppose 31*a + 4460 = 4*v + 36*a, 4*a + 2178 = 2*v. Calculate the greatest common divisor of v and 52.
13
Suppose -3365 - 4378 = -21*q - 3018. Calculate the highest common divisor of q and 261.
9
Let f = -4916 - -4938. Calculate the highest common divisor of f and 5302.
22
Let w(c) = 7*c**2 - 9*c - 1. Suppose -2*p = 2*j + 2, 0 = 3*j - 5*p + 9*p + 8. Let s be w(j). Calculate the highest common factor of s and 275.
25
Suppose r = 4*r - 12. Suppose r*u - 13 = -3*q, 3*u + q = -0*q + 6. Let v be u*(0 + -2) - -12. Calculate the highest common factor of 15 and v.
5
Let h = 1951 + -287. Calculate the greatest common divisor of h and 156.
52
Let f be (-11)/(33/(-6804))*(-129 - -130). Calculate the greatest common factor of f and 63.
63
Let z be 54 - (-1)/(-2)*-1*-6. Let a = 732 + -171. Calculate the highest common factor of z and a.
51
Let v(n) = n**3 + 52*n**2 - 4*n - 60. Let t be v(-52). Let h(b) = -2*b**3 - 7*b**2 - 6*b - 3. Let a be h(-4). What is the greatest common divisor of a and t?
37
Let x = 8041 + -8010. Suppose 2*g - 2*o = 562, -3*o - 198 = 5*g - 1587. What is the greatest common factor of x and g?
31
Suppose 222237*d - 222172*d - 1755 = 0. Suppose 17 = -3*v + 179. What is the highest common factor of d and v?
27
Suppose w = 3*v + 166, 30*w - 4*v = 34*w - 664. What is the greatest common factor of w and 25481?
83
Let k = -5361 + 5933. Calculate the highest common factor of 99 and k.
11
Suppose 5*c + 9 - 14 = 0, c = -4*y + 157. Let d(l) = l**3 - 3*l**2 + 5*l - 2. Let g be d(3). Calculate the highest common divisor of y and g.
13
Let c(y) = -y**3 + 11*y**2 - 25*y + 28. Let n be c(8). Calculate the greatest common divisor of n and 820.
20
Let w(l) = -31*l + 4369. Let y be w(138). Calculate the greatest common divisor of y and 9737.
91
Let l be 316 - 2 - 36/(-6). Calculate the greatest common divisor of 50 and l.
10
Let c(b) = 84*b**2 + 15*b - 11. Let d be c(1). Suppose -5*o - 450 = -4*v - 0*o, 0 = v - 2*o - 114. Calculate the greatest common factor of v and d.
22
Let x(q) = q**3 - 4*q**2 + 14*q - 28. Let r be x(4). Let k be (-9)/(-2)*140/3. Suppose 0 = 4*u + u - k. Calculate the greatest common divisor of u and r.
14
Suppose 5*p - 10*v - 5868 = -14*v, -9 = 3*v. Calculate the greatest common divisor of p and 120.
24
Suppose -3*c + 3 = 132. Let k = 113 + c. Let u = k - 69. What is the greatest common factor of u and 11?
1
Suppose -165*b + 2340 = -113*b. Calculate the highest common factor of b and 40.
5
Let a(w) = -16*w + 100. Suppose 13*p - 87 = -35. Let t be a(p). Calculate the greatest common divisor of t and 4.
4
Suppose -887*y + 873*y + 182 = 0. What is the highest common factor of 17 and y?
1
Suppose 11*y + 191 - 560 = 1204. What is the greatest common divisor of 208 and y?
13
Let x(p) = p**2 - 74*p + 1633. Let i be x(28). What is the highest common divisor of i and 10?
5
Suppose -1856 = -5*r + 61924. Let m be (-4)/5 - (r/10)/(-2). Calculate the highest common factor of m and 13.
13
Let f(y) = y**3 - y - 86. Let a be f(0). Let p = a - -176. Suppose 3*g + 5 = u + p, g - 24 = -4*u. What is the greatest common factor of g and 84?
28
Suppose -5*p + 4004 = -4*m, -2*p + 1605 = 23*m - 28*m. Calculate the highest common divisor of p and 64.
32
Suppose 0 = 2*q + z - 25, 2*q - z + 13 = 3*q. Suppose 3*m = -3*u + 54, 3*m - 2*u - 54 = -3*u. What is the highest common factor of m and q?
6
Let h(r) = 35*r**2 + 50*r - 205. Let g be h(7). Calculate the highest common factor of g and 1085.
155
Suppose 96*t = 100*t - 2*f + 1900, t + f = -475. Let o = t + 810. Calculate the highest common factor of o and 67.
67
Suppose 141*d - 81997 = -3777 + 86750. Calculate the highest common factor of 2080 and d.
130
Suppose 22*i - 32 = 18*i. Suppose -20*o = -i*o - 120. What is the highest common factor of o and 230?
10
Let g(y) = -2*y**3 - 179*y**2 - 283*y - 631. Let u be g(-89). Calculate the greatest common divisor of u and 15.
15
Suppose 12*o = 16*o - 3*a - 1401, -6*a = -4*o + 1410. Calculate the greatest common divisor of 24 and o.
12
Suppose 0 = 1531*t - 1532*t + 1115. What is the highest common factor of 10 and t?
5
Suppose 0*d - 14*d = -59 - 53. Let q be (292/(-6) - 2)*-3. Calculate the highest common divisor of q and d.
8
Suppose 0 = -11*z + z + 290. Suppose -z*h + 23*h = -330. What is the highest common factor of h and 55?
55
Let m = 192 + 265. Let n = -430 + m. What is the highest common factor of 783 and n?
27
Let y be 1 + (-2)/(2/(-39)). Suppose 5*t = 7*t - 32. Suppose 2*u - 48 + t = 0. Calculate the highest common divisor of u and y.
8
Let i be ((-1660)/249)/(10/(-12)). Let y be (8 - (i + -8)) + -5. Calculate the greatest common divisor of 96 and y.
3
Let x(z) = -z**3 + 35*z**2 - 24*z - 317. Let n be x(34). What is the greatest common divisor of 4416 and n?
23
Suppose -5*j - 44 = -7*j + 4*c, 5*j - 86 = 4*c. Let q be (2 + 0)/(j/511). Calculate the highest common factor of 73 and q.
73
Suppose 6*s - 11*s = -75. Let m(k) = 4*k - 24. Let q be m(s). Suppose 0 = -0*x - 8*x + 96. What is the greatest common factor of q and x?
12
Let t be -15*(-8)/(-20)*(-4)/(-6). Let j = 44 - t. Calculate the highest common divisor of 168 and j.
24
Suppose 0*l + l = 45. Let f = 81673 + -81658. Calculate the highest common divisor of l and f.
15
Suppose -23*c - 40 = -28*c. Suppose -t = -c*g + 6*g + 12, 3*t + 1 = -g. Calculate the greatest common factor of 35 and g.
5
Let r(t) = -148*t - 1058. Let s be r(-40). What is the highest common factor of 34 and s?
34
Let d = -8644 - -10459. What is the highest common divisor of d and 495?
165
Let w(f) = 25*f + 18. Let u(a) = 51*a + 36. Let d(x) = -2*u(x) + 5*w(x). Let k be d(-5). Let q = k + 151. What is the greatest common factor of q and 18?
18
Suppose -53*o + 12*o + 27885 = -2*o. What is the highest common divisor of 1105 and o?
65
Let b = 